0
-23 - (-7 - ((8 - 14) + 2 + 5))
-15
Evaluate (3 + (-1 - -6) - -9) + -5.
12
What is 2 - (-1 - -8 - (-21 - -25))?
-1
What is the value of (-7 - -14 - -18) + -4?
21
What is 10 - 1 - (432 - 424) - (0 - 19)?
20
Calculate 6 + (-15 - (-1 - 23)).
15
What is (1 - (-5 + 5 - (8 - 4))) + 3?
8
Calculate -8 + (8 - 14) - 2 - 10.
-26
What is (3 + -1 - (-5 + 11)) + 17?
13
Evaluate -21 - (-15 - -26) - -6.
-26
What is the value of 14 - (11 + -9 - -25)?
-13
Calculate -1528 + 1557 - (-3 + 1).
31
Calculate -6 + -9 + -2 + 21 + -6 + -7.
-9
Calculate 2 - (12 + 8 - 15).
-3
Calculate -220 + 211 + (2 - (2 - 1)) + 5.
-3
(14 - (8 - 13)) + (-3 - 3)
13
What is the value of (-1 - -3) + (0 - (-3 - -9)) - -14?
10
What is the value of -20 - ((7 - (-15 + 9)) + -32)?
-1
Calculate -15 + 31 + (-13 - -5).
8
9 - (13 - (-16 + 0))
-20
Calculate 1 + 2 + 6 + -17 + 0 + 4.
-4
(-20 - -9) + (55 + -72 - (1 + 5))
-34
Evaluate -4 + (1 - 9 - -10) - -5.
3
What is the value of (2 - 1 - 40) + -754 + 769?
-24
What is the value of 0 - (0 + (-6 - -4) + 8)?
-6
(-1 - 2) + (4 - 4)
-3
What is -7 - (-1 + -1) - (-126 - -134)?
-13
(-2 - (-31 - -14)) + -2 + 4 + 1
18
What is the value of (-12 + -11 - -12) + 8 + -16?
-19
Calculate -39 - (11 + -21) - (3 + 2 - 14).
-20
3 - (13 - 9 - -13)
-14
What is 11 + (5 - 19) + 4 + -27 + 8?
-18
What is the value of -13 - (11 + 0 + -15 - -1)?
-10
What is (1 + (-21 - 0) - (22 - 29)) + 2?
-11
Calculate -6 - (-15 - (-15 + 10 - -6)).
10
What is the value of 1 - -4 - (48 + -22)?
-21
What is (8 - 9) + (-1 - 32) - (-280 - -280)?
-34
Evaluate -2 + 2 + -2 - (9 + -38 + 26).
1
What is (-81 - -74) + (1 - -7)?
1
Calculate 7 + (-11 - (16 + -20 - -5)).
-5
Evaluate 1 - (14 + -8 + 2 + 2 - 16).
7
What is (26 - -1) + 84 + -51 + -32?
28
-29 + 14 + 9 + (0 - 2)
-8
4 - 2 - (-2 + -6 + 10 + -1)
1
What is the value of (-35 - -36) + 13 + -1?
13
What is 2 + -4 - (-4 - -14)?
-12
What is -18 - (13 + (19 + -4 - 25))?
-21
Evaluate (33 - -3 - 47) + (-1 - -3).
-9
Calculate -7 - (8 - (-13 - -54)).
26
Calculate 5 - -2 - (26 - (14 - 2)).
-7
Evaluate -28 - (5 + -37 + 16).
-12
Evaluate 9 + (-9 + 3 - 3) + -2.
-2
What is the value of -4 + 21 + -3 + -5 - (33 + 5)?
-29
Evaluate 78 - 100 - (0 + -10).
-12
What is (7 - (17 - 0)) + 26 + -6?
10
What is the value of -2 + 10 + 53 + -71 - -7 - -6?
3
What is (0 - -12) + 0 + (48 - (-26 - -75))?
11
-5 + (4 - -4) + (-26 - -35)
12
(1 - ((-2 - 11) + 11)) + 6
9
-15 - (-7 + 6 - 5)
-9
Calculate 17 - (2 + -7 + (-8 - -7 - -5)).
18
Evaluate (7 + -1 - 4) + 5.
7
Evaluate 2 - ((-5 - -4) + 27) - (-70 - -74).
-28
1590 + -1595 + (-3 - 0)
-8
-13 + 8 - ((0 - (-2 + 0)) + -12)
5
What is the value of (21 + 16 - 4) + -17?
16
What is the value of 11 - 19 - (127 + -105)?
-30
Calculate -16 + (7 - -4) + 28.
23
What is the value of (1 - -3) + -2 + (1 - 9) + 3?
-3
-7 - (1 + -20 + -39 + 43)
8
What is the value of (-1 - 4) + (-6 + 16 - (15 - 14))?
4
Evaluate 1 + 26 - (-21 - (58 + -89)).
17
(-1 - (7 - (-14 - -8 - -28))) + 3
17
What is 4 + 11 + -9 + (1 + 14 - 4)?
17
Evaluate 7 - (5 - 5 - 8).
15
Evaluate -15 - (-7 + 20 + -20 + -17).
9
What is the value of 1 - (4 + -8 - ((3 - -2) + -3))?
7
-3 + (0 - (5 + (-6 - 3)) - -1)
2
-15 + 0 + 2 - (-574 + 553)
8
What is the value of -10 + (0 - (11 + -19) - 2)?
-4
What is (-1 - -4) + -29 + 2 + 23?
-1
13 + -4 + -18 + 9
0
What is the value of (-18 - 8) + 25 - -13?
12
What is -111 + 59 + 51 - (-1 + (-7 - 1))?
8
Evaluate 7 - (17 + 7 + -28).
11
Evaluate -20 + -22 + 27 - (-5 - 1).
-9
(-4 - -4) + -15 + 13 + (-2 - 1)
-5
Evaluate (29 - 69) + 31 - -19.
10
What is 8 + -12 - (1 - -11) - (10 - 9)?
-17
Calculate (2 - -5 - 1 - 1) + -10 + 3.
-2
What is (-1 + -27 - (20 - 25)) + 1?
-22
Evaluate (-33 - 2) + (-5 - -11) - 0.
-29
What is 1 + (-3 + 10 - (3 + 6))?
-1
10 - (-17 + (67 - 26))
-14
Calculate 47 + -37 + (-6 + -4 - -6).
6
Evaluate -24 + -1 + 9 + 1 + (1 - 19).
-33
What is the value of -9 + (10 - -4) + -7 + 8?
6
What is the value of (-9 - -11) + 14 + -4?
12
What is -5 - 2 - (-2 - 0 - (0 - -4))?
-1
Evaluate 25 + (15 - (-3 - (3 - -6) - -18)).
34
What is -3 + -2 - (-18 + (15 - -32 - 19))?
-15
17 - (-5 - (14 + -26))
10
(-1 - -26) + (649 - 653)
21
What is the value of -5 - (-11 + -1 - -1)?
6
Calculate 11 + (-3 - 15) + (21 + -2 - 4).
8
Calculate -7 + (-10 - -16) + (7 - -1) + -16.
-9
Evaluate 4 - (15 + (-12 - 10)).
11
Calculate 19 + (3 + -9 - (3 - 2)).
12
Calculate 14 + (-14 - (0 + 12)).
-12
Evaluate (7 + -4 - -3) + -8 - 0.
-2
What is 213 + -193 - (-1 - -11)?
10
What is the value of (-1 - (2 - 12)) + 252 + -248?
13
36 - (-33 - (-93 + 30))
6
What is 12 - 3 - 5 - 1 - -2?
5
Calculate 0 - -5 - (6 + (5 - (-2 + 27))).
19
What is 7 + 3 - 7 - (5 + 0)?
-2
What is (-9 - (9 + -20)) + 14?
16
-21 - (-5 + -8) - 7 - -1
-14
Evaluate -9 + (18 - 3) + -3 - 10.
-7
What is the value of 9 - (23 + -17 + 4)?
-1
What is -2 - ((-5 - -4) + 22 - (-16 - -18))?
-21
What is ((-5 - -1) + -2 - -5) + -6?
-7
Evaluate (-2 + -3 - 11) + 9.
-7
What is the value of (-13 - 1) + 1 + (164 - 166) + -3?
-18
What is the value of -46 + 38 - (22 + -13)?
-17
What is 24 + -13 - -7 - 4?
14
7 + 28 + (-1 - 2) + -10
22
What is the value of -3 + -1 - (0 + (5 - 2)) - -26?
19
-17 - (-24 + (7 - (1 + -4)))
-3
What is the value of (-16 - -19 - 22) + 18?
-1
9 + (-15 + 22 - 20)
-4
What is the value of -10 - (12 + 0 + (13 - (6 - -12)))?
-17
Evaluate -41 + 21 + 1 + 3 - (-15 - -9).
-10
What is the value of 1 + 9 + -535 + 536?
11
What is the value of 7 - (8 + -16 + 11)?
4
Calculate (54 - 60) + (-5 - -10 - -1).
0
Evaluate -16 - (-50 + 36 + 0 + 7).
-9
Calculate -22 + 4 + 11 + 1.
-6
What is (17 - 17) + 18 + -9?
9
Evaluate 0 + 13 + -18 + -8 + 24.
11
(-18 - -16) + -3 + (3 + -3 - 8)
-13
What is (-6 - 2) + (24 - 14) + -5 + -5?
-8
What is the value of -5 + (9 - 2 - (-22 - -29)) - 1?
-6
Evaluate (-208 - -213) + (-2 - -1) - (-4 - 0).
8
3 - 11 - (3 + -4 + -2) - 4
-9
Evaluate 1 - -19 - (3 - (3 + -6) - 1).
15
(116 + -123 - (1 + 0)) + -6 - -6
-8
Evaluate (-13 - (-2 + -20)) + -17.
-8
-432 + 436 - (-1 + 1 + (0 - -1))
3
Calculate -10 + -2 - ((2 - 39) + 32).
-7
Evaluate (21 - (1 + 55)) + 12.
-23
What is -13 - -1 - (-25 + 17 + -13)?
9
Calculate 3 - (-1 + -10 + 6) - (-2 - 1).
11
(-7 + 13 + (3 - 8) - 6) + -7
-12
What is -26 + -5 - -5 - -4 - (3 - 0)?
-25
What is the value of 18 - 14 - 26 - -34?
12
What is (19 - (-3 + 4) - -1) + 7 + -12?
14
Calculate 3 - -2 - 21 - (-317 + 321).
-20
What is the value of -9 + 1 - ((22 - 16) + -16 + -14)?
16
(-196 - -199) + -3 + -1 + (0 - -3)
2
What is the value of (0 - -6) + -1 - (1 - 23 - -23)?
4
Evaluate -5 + -9 - -2 - (3 + 0).
-15
What is -2 + (-1 - 4) + 2 + -2?
-7
20 + -28 + (0 + 1 - 6) + -1
-14
-5 - (-3 - -13) - (-19 + 17)
-13
Calculate -5 + -11 + 8 + 10 + -28.
-26
Evaluate -16 - (221 + -208 + (0 - 26)).
-3
What is the value of 12 + -31 + 7 + 24?
12
What is (9 - -3) + (-5 - -6)?
13
-15 - ((-2 - 12) + -25)
24
What is the value of -3 + 3 + 5 + -11 + 1 + 2?
-3
(-14 - -8) + 33 + -28
-1
19 - (3 - ((-12 - -17) + -7))
14
Calculate -80 - -76 - (-5 + -7 - (1 - 3)).
6
What is the value of -21 - (1 + 20) - -18?
-24
Calculate (-36 - -21) + 42 + (0 - 9).
18
What is -4 - (-10 - -3) - 2?
1
Calculate -13 + (28 - 4) + (0 - -4).
15
5 + 11 + (-1 - 11)
4
Calculate -8 + -2 - (2 + (-9 - -7)).
-10
(-11 - (7 - -12)) + 36
6
Calculate (5 - -8 - 9) + -14.
-10
-22 + (4 - -2) + (-1 - -1) + -1
-17
What is -8 + (6 + -3 - -33) - (1 - -3)?
24
Calculate (-3 - (-9 + -9 + 17)) + 3 + 12.
13
What is -2 - ((4 - -4) + -3 - -6)?
-13
Evaluate 2 - (6 + (-17 - -18 - (6 - -2))).
3
275 - 261 - (4 + 2 + -3)
11
What is (-4 - -18 - (68 - 64)) + 6?
16
What is 0 - -3 - (-2 + 15 + -34)?
24
Evaluate 12 + (7 - 7) + -27.
-15
What is 4 + 0 + -13 + (-180 - -191)?
2
-8 - (-7 - (24 - 46))
-23
(8 - (10 - (16 - 14))) + (-2 - -14)
12
What is 17 + 0 + (6 - 11) + -5?
7
What is the value of 8 - (-6 + -15 + 34)?
-5
What is -5 + 2 + -2 - (118 - 108) - -4?
-11
Calculate 2 + -8 + (-10 - -4) + 5.
-7
-4 + 10 + 12 - (2 + 14)
2
(-6 - ((-13 - (-1 + -4)) + 2)) + 0
0
What is -1 - 3 - (-14 + (-13 + 28 - -6))?
-11
What is -11 - 4 - (29 - 21 - 20) - 4?
-7
Evaluate 416 + -407 + -2 + -1.
6
4 + 14 + -17 + 14 - (7 + 1)
7
What is the value of 6 + -12 + -3 + (-4 - -8)?
-5
What is the value of 7 + -5 + 5 - (10 - (4 - 10))?
-9
What is the value of 3 - (-1 + (6 - (6 + (-2 - 2))))?
0
-14 + 12 + (-2 - -10)
6
Evaluate 13 + (-2 - (7